 thousands digit of 10079?
0
What is the tens digit of 35882?
8
What is the thousands digit of 1719?
1
What is the thousands digit of 6329?
6
What is the hundreds digit of 19031?
0
What is the hundreds digit of 26666?
6
What is the hundreds digit of 941?
9
What is the tens digit of 1636?
3
What is the units digit of 542?
2
What is the units digit of 1310?
0
What is the units digit of 9498?
8
What is the hundreds digit of 1190?
1
What is the tens digit of 2406?
0
What is the hundreds digit of 4607?
6
What is the tens digit of 105904?
0
What is the tens digit of 1561?
6
What is the ten thousands digit of 10774?
1
What is the tens digit of 47990?
9
What is the units digit of 23?
3
What is the hundreds digit of 3454?
4
What is the units digit of 5990?
0
What is the thousands digit of 4306?
4
What is the hundreds digit of 1705?
7
What is the tens digit of 82?
8
What is the tens digit of 115?
1
What is the units digit of 23813?
3
What is the tens digit of 786?
8
What is the hundreds digit of 693?
6
What is the units digit of 900?
0
What is the tens digit of 1016?
1
What is the thousands digit of 10080?
0
What is the thousands digit of 2832?
2
What is the thousands digit of 25320?
5
What is the hundreds digit of 7675?
6
What is the hundreds digit of 1919?
9
What is the thousands digit of 40888?
0
What is the hundreds digit of 7119?
1
What is the ten thousands digit of 22205?
2
What is the hundreds digit of 674?
6
What is the tens digit of 1550?
5
What is the thousands digit of 9179?
9
What is the tens digit of 461?
6
What is the units digit of 689?
9
What is the units digit of 1505?
5
What is the units digit of 16?
6
What is the ten thousands digit of 43023?
4
What is the thousands digit of 4222?
4
What is the tens digit of 557?
5
What is the hundreds digit of 562?
5
What is the tens digit of 39747?
4
What is the units digit of 1530?
0
What is the units digit of 415?
5
What is the units digit of 2093?
3
What is the hundreds digit of 7050?
0
What is the hundreds digit of 172723?
7
What is the thousands digit of 11926?
1
What is the units digit of 52121?
1
What is the thousands digit of 44522?
4
What is the hundreds digit of 583?
5
What is the units digit of 117744?
4
What is the hundreds digit of 7197?
1
What is the hundreds digit of 389?
3
What is the units digit of 12768?
8
What is the tens digit of 1487?
8
What is the tens digit of 1102?
0
What is the thousands digit of 3776?
3
What is the hundreds digit of 100357?
3
What is the thousands digit of 17342?
7
What is the hundreds digit of 904?
9
What is the thousands digit of 27595?
7
What is the hundreds digit of 1078?
0
What is the units digit of 58829?
9
What is the units digit of 386?
6
What is the units digit of 2931?
1
What is the tens digit of 24274?
7
What is the units digit of 169?
9
What is the hundreds digit of 688?
6
What is the units digit of 120046?
6
What is the units digit of 726?
6
What is the ten thousands digit of 67751?
6
What is the thousands digit of 5315?
5
What is the hundred thousands digit of 121523?
1
What is the tens digit of 2469?
6
What is the tens digit of 624?
2
What is the hundreds digit of 2518?
5
What is the tens digit of 1721?
2
What is the hundred thousands digit of 106369?
1
What is the hundreds digit of 3035?
0
What is the tens digit of 1910?
1
What is the tens digit of 50403?
0
What is the thousands digit of 3068?
3
What is the thousands digit of 1037?
1
What is the thousands digit of 1617?
1
What is the tens digit of 979?
7
What is the units digit of 2850?
0
What is the hundreds digit of 59040?
0
What is the tens digit of 43308?
0
What is the hundreds digit of 25807?
8
What is the units digit of 122104?
4
What is the tens digit of 23633?
3
What is the ten thousands digit of 92488?
9
What is the thousands digit of 26654?
6
What is the thousands digit of 3404?
3
What is the units digit of 113105?
5
What is the ten thousands digit of 145350?
4
What is the thousands digit of 29820?
9
What is the tens digit of 1128?
2
What is the units digit of 1544?
4
What is the units digit of 24703?
3
What is the tens digit of 497?
9
What is the hundreds digit of 84138?
1
What is the ten thousands digit of 22378?
2
What is the tens digit of 199?
9
What is the tens digit of 2784?
8
What is the thousands digit of 1133?
1
What is the tens digit of 1316?
1
What is the units digit of 34421?
1
What is the hundreds digit of 3610?
6
What is the thousands digit of 1060?
1
What is the thousands digit of 8752?
8
What is the ten thousands digit of 17621?
1
What is the units digit of 2545?
5
What is the tens digit of 18456?
5
What is the ten thousands digit of 32416?
3
What is the hundreds digit of 18603?
6
What is the hundreds digit of 3719?
7
What is the hundreds digit of 1942?
9
What is the units digit of 288?
8
What is the tens digit of 472?
7
What is the thousands digit of 4350?
4
What is the ten thousands digit of 27693?
2
What is the tens digit of 14551?
5
What is the units digit of 9607?
7
What is the ten thousands digit of 37530?
3
What is the tens digit of 1039?
3
What is the tens digit of 114611?
1
What is the tens digit of 77?
7
What is the units digit of 4731?
1
What is the tens digit of 102034?
3
What is the units digit of 3633?
3
What is the hundreds digit of 901?
9
What is the thousands digit of 5972?
5
What is the tens digit of 1171?
7
What is the thousands digit of 8854?
8
What is the hundreds digit of 4204?
2
What is the ten thousands digit of 20570?
2
What is the tens digit of 132629?
2
What is the hundred thousands digit of 122924?
1
What is the tens digit of 1443?
4
What is the hundreds digit of 2236?
2
What is the tens digit of 7964?
6
What is the tens digit of 2170?
7
What is the thousands digit of 175279?
5
What is the thousands digit of 15310?
5
What is the ten thousands digit of 21042?
2
What is the tens digit of 77?
7
What is the units digit of 1043?
3
What is the hundreds digit of 3817?
8
What is the thousands digit of 46776?
6
What is the thousands digit of 8261?
8
What is the hundreds digit of 844?
8
What is the hundreds digit of 5487?
4
What is the thousands digit of 7569?
7
What is the units digit of 227?
7
What is the units digit of 528?
8
What is the thousands digit of 132824?
2
What is the tens digit of 2274?
7
What is the tens digit of 26163?
6
What is the tens digit of 6580?
8
What is the ten thousands digit of 14686?
1
What is the thousands digit of 7543?
7
What is the tens digit of 1676?
7
What is the thousands digit of 6915?
6
What is the units digit of 3622?
2
What is the thousands digit of 106059?
6
What is the hundreds digit of 1719?
7
What is the hundreds digit of 294?
2
What is the hundreds digit of 148?
1
What is the units digit of 9793?
3
What is the thousands digit of 15270?
5
What is the units digit of 103?
3
What is the hundreds digit of 696?
6
What is the units digit of 112939?
9
What is the units digit of 738?
8
What is the hundreds digit of 49836?
8
What is the tens digit of 14343?
4
What is the hundreds digit of 276?
2
What is the tens digit of 19720?
2
What is the units digit of 959?
9
What is the thousands digit of 5212?
5
What is the hundreds digit of 15286?
2
What is the units digit of 52061?
1
What is the thousands digit of 7863?
7
What is the tens digit of 6922?
2
What is the hundreds digit of 55697?
6
What is the ten thousands digit of 40661?
4
What is the ten thousands digit of 11847?
1
What is the thousands digit of 202101?
2
What is the units digit of 20501?
1
What is the hundreds digit of 8915?
9
What is the hundreds digit of 46028?
0
What is the units digit of 283?
3
What is the units digit of 21572?
2
What is the thousands digit of 14518?
4
What is the thousands digit of 87885?
7
What is the tens digit of 1503?
0
What is the thousands digit of 18049?
8
What is the hundreds digit of 415?
4
What is the ten thousands digit of 11991?
1
What is the thousands digit of 8673?
8
What is the thousands digit of 16607?
6
What is the units digit of 2791?
1
What is the hundreds digit of 2843?
8
What is the tens digit of 6985?
8
What is the tens digit of 4350?
5
What is the hundreds digit of 114262?
2
What is the tens digit of 26?
2
What is the thousands digit of 2318?
2
What is the thousands digit of 8407?
8
What is the tens digit of 